t the prime factors of ((-42)/(-6) + 1 + -4)*7712.
2, 241
What are the prime factors of 0 + 8 + (-13 + 4)*(-11414)/78?
5, 53
Let t = 1917 - -13830. List the prime factors of t.
3, 29, 181
Suppose -9*j - 8*j = -4*j - 361764. What are the prime factors of j?
2, 3, 773
Suppose 4955464 + 1297823 = 347*k. What are the prime factors of k?
3, 6007
Let o(t) = -75*t. Suppose -4 = 20*p - 19*p. List the prime factors of o(p).
2, 3, 5
Let a be ((-13)/2*1 + 4)*14. Let y = a + -13. Let v = y + 91. List the prime factors of v.
43
Let s = -2930 - -10753. List the prime factors of s.
7823
Let s(y) = -y**3 + 4*y**2 - 1. Let d be s(4). Let c = d + 16. Suppose c*z - 111 = 14*z. List the prime factors of z.
3, 37
Let v(y) be the second derivative of -3*y**3/2 - 73*y**2/2 - 4*y. Let h be (0 + 44)*(-6 + (-44)/(-8)). List the prime factors of v(h).
5
Let i be (-2 - -35)*(-2)/(-6). Suppose -1423 + 4151 = i*h. List the prime factors of h.
2, 31
Let w(i) = -i**3 - 22*i**2 + 20*i + 11. Let c be w(-23). Suppose -1062 = c*z - 83*z. What are the prime factors of z?
2, 3, 59
Let c(j) = 5*j**2 + 25*j + 4. Let u = -451 - -445. List the prime factors of c(u).
2, 17
Suppose 98052 - 8102 = 33*k - 63170. What are the prime factors of k?
2, 5, 29
Suppose 2*i - 4*g = 12, 3*g + 8 = -3*i - 19. What are the prime factors of 50711/57 + i/6?
7, 127
Let y(o) = o + 32. Let p be y(-28). Suppose -3*v = -p*x + 901, -5*x + 1112 = 7*v - 6*v. List the prime factors of x.
223
Let a(p) = 3*p**2 + 52*p - 41. Let u(v) = v**2 + 26*v - 20. Let r(y) = 4*a(y) - 9*u(y). Let n be (3 - 120/25)*160/48 + 16. What are the prime factors of r(n)?
2, 7
Let d(c) = -6*c**3 + 5*c**2 + 11*c - 5. Let o be d(-4). Let g = o - 327. List the prime factors of g.
2, 11
Suppose -12 + 2 = -5*a + 3*d, 0 = -4*a + 3*d + 8. Suppose 3*m + 3*h + 347 = m, a*m - h + 343 = 0. Let u = m - -453. List the prime factors of u.
281
Let r = -26965 - -52446. What are the prime factors of r?
83, 307
Suppose -a - 2*u = -44697, 10*u - 6 = 12*u. What are the prime factors of a?
3, 4967
Let k(s) = -65*s - 37. Let l be k(-1). Suppose -1998 = l*h - 30*h. List the prime factors of h.
3, 37
Let v(y) be the second derivative of -y**3/3 + 22*y**2 - 8*y. Let l be v(-19). Suppose -3*p + l = -146. List the prime factors of p.
2, 19
Suppose 3*w = 5*p + 3118 + 52233, 4*w = p + 73773. List the prime factors of w.
2, 9221
Suppose 9*r - 3*r - 18 = 0. Let j(l) = 15*l + 1. Let q be j(r). What are the prime factors of (-23)/q + (-694)/(-4)?
173
Let t be (24/40 - 1)/(3/180). Let j(q) = -q**3 - 20*q**2 + 46*q + 53. List the prime factors of j(t).
7, 179
Let p(n) be the second derivative of 781*n**3/6 + 13*n**2/2 - 163*n. What are the prime factors of p(1)?
2, 397
Let k(s) = -2*s**3 - 12*s**2 - s - 4. Let i be k(-6). List the prime factors of i*(6 + 2370/6).
2, 401
Let m = 32 + 1. Suppose m = -4*j + 25. Let s(i) = -50*i - 4. What are the prime factors of s(j)?
2, 3
Let p(k) = 7 - 2*k**2 - 9*k**2 + 10*k**2 - 38*k. What are the prime factors of p(-17)?
2, 7, 13
Suppose -20*n + 320 = -4*n. Suppose -n*w - 880 = -22*w. What are the prime factors of w?
2, 5, 11
Suppose 0 = -46*u + 49*u - 12. Suppose -5*j + u*l = -5275, 0 = 10*j - 9*j - l - 1054. What are the prime factors of j?
3, 353
Let k = 8594 - 3454. What are the prime factors of k?
2, 5, 257
Let c = 6449 - 5591. List the prime factors of c.
2, 3, 11, 13
Suppose -5*o = -4*p + 46, 0*p = -p + 3*o + 8. Let m(y) = -y**3 + 15*y**2 + 7*y + 1. List the prime factors of m(p).
5, 59
Suppose 23*k = -4*z + 28*k + 15896, -4*z - 4*k = -15860. What are the prime factors of z?
3, 7
Let b(k) = 36*k**2 + 6*k - 6. Let w = -22 - 59. Let d = w + 83. What are the prime factors of b(d)?
2, 3, 5
Let v(c) = 3*c**2 + 43*c - 544. List the prime factors of v(21).
2, 29
Suppose -2*o = -5*x, 0 = -0*x + 3*x. List the prime factors of -8 + 4 + o - -142.
2, 3, 23
Let v(g) = 65*g**2 - 85*g + 888. What are the prime factors of v(13)?
2, 673
Suppose 21685 = 5*p - 2*t, -11*p + 8623 = -9*p - 11*t. What are the prime factors of p?
4339
Suppose o - 3*o = 2*u - 16944, -2*o + 16979 = -5*u. What are the prime factors of o?
7, 173
Let v(j) = 18*j**3 - 10*j**2 - 7*j - 6. Let y be v(6). What are the prime factors of ((-26)/8)/((-30)/y)?
13, 29
Let l = 12247 + -2810. What are the prime factors of l?
9437
Suppose -3585767 + 7880744 = 169*b - 5166826. What are the prime factors of b?
55987
Suppose -138113 - 1810945 - 1816735 = -59*q. List the prime factors of q.
83, 769
Let k(g) = -11*g + 1395. List the prime factors of k(-27).
2, 3, 47
Let x(d) = -d**2 - 8*d + 7. Let f be x(-8). Suppose 144 = f*z + 2*z. List the prime factors of 48/((-2*3/z)/(-1)).
2
What are the prime factors of ((-686)/(-140) + -5)/(10/(-2171300))?
21713
Let z(m) = 8*m**2 + 2*m - 22. Let j = 4 - 0. List the prime factors of z(j).
2, 3, 19
Let j(w) = -2*w + 5. Let o be j(6). Let g(h) = -11*h + 6 + 4 - 26 - 19. What are the prime factors of g(o)?
2, 3, 7
Suppose -b - 183 = c, -31 - 160 = c - 3*b. Let n = 482 + c. What are the prime factors of n?
3, 11
Let i = 595 - 84. Let m = -391 + i. List the prime factors of m.
2, 3, 5
Let q = -25 + 16. Let g(h) = h**3 + 9*h**2 - 3*h - 16. Let n be g(q). Let s(d) = 7*d + 5. What are the prime factors of s(n)?
2, 41
Suppose 0 = -n + 14*n + 273. Let p be 9/(-21) + (-51)/n. List the prime factors of (23/p)/(4 - (-117)/(-30)).
5, 23
Let i(q) = q**2 - 4*q - 6. Let h = 14 - 6. Suppose -6*s = -8*s - h. List the prime factors of i(s).
2, 13
List the prime factors of 3775/(-15)*-9 - -2.
2267
Let z(f) = 8 - 5*f + 28 + 1 + 55 + 6*f. What are the prime factors of z(-9)?
83
Let x(s) = 2719*s**2 + 286*s - 6. List the prime factors of x(-3).
3, 43, 61
List the prime factors of 14342 + ((-318)/(-212))/((-4)/(32/3)).
2, 67, 107
Let p = -58 + 60. Suppose -4*q - 21 = -p*b - 105, -76 = -3*q - 5*b. Suppose -64 = -3*x + 5*v, -v - q + 2 = -x. List the prime factors of x.
2, 3
Suppose -13*v + 60448 = 63956 - 371473. What are the prime factors of v?
3, 5, 17, 37
Suppose a = 2*d + 255, 0 = 4*d + 2*a + 36 + 462. Let z = d + 113. What are the prime factors of (-20)/130 - 535/z?
41
Let s(y) = -y**3 + 14*y**2 - 26*y + 18. Let f be s(12). What are the prime factors of (-88)/9*-10 + f/(-27)?
2, 7
Suppose -10487 = -4*d + 3*w, 2*d - 54*w + 55*w = 5251. What are the prime factors of d?
2, 41
Suppose 5*j - 5 = 0, -27271 - 3471 = -5*m + 3*j. List the prime factors of m.
11, 13, 43
Let s = 131 - 131. Suppose s = 3*z, -7*k + 3*k - 4*z = -388. What are the prime factors of k?
97
Let k be (-6)/(-4)*(-1768)/4. Let d = -373 - k. What are the prime factors of d?
2, 5, 29
List the prime factors of (6 - 339835/(-25)) + (-18)/45.
3, 1511
Suppose c - 5 = -3*m - m, 2*m = 2*c. Let r be (7 - c)*15/30. Suppose 0*n - r*n + 141 = 0. What are the prime factors of n?
47
Let i = -5497 - -11066. What are the prime factors of i?
5569
Suppose 85176 = 18*f + 34*f. Suppose f = 13*m - 7423. What are the prime factors of m?
17, 41
Suppose -p - 6146 = -3*y + 14222, -5 = -p. List the prime factors of y.
6791
Suppose 2*a = 5*c - 9 + 30, 5*a + c = 12. Let n be (-431)/(-2) + (-1)/(-4)*-2. Suppose x - a*l - 223 = -0*x, x + 5*l = n. What are the prime factors of x?
2, 5, 11
Let z(w) = w**2 + 12*w - 10. Let u be z(-13). Suppose 5*q = -3*r, 5*q = 2*r + u*r. Suppose -30*k + 27*k + 171 = q. List the prime factors of k.
3, 19
Let i = -12576 - -17513. What are the prime factors of i?
4937
Suppose 0 = -6*x - 71 + 323. Let l = 115 - x. List the prime factors of l.
73
Let n = -162 - -167. Suppose 910 = n*o - d - 3*d, -d = o - 173. List the prime factors of o.
2, 89
Let i(x) = 66*x**2 - 2037*x + 75. What are the prime factors of i(46)?
3, 67, 229
Suppose -g - 4*g + 281673 = -4*c, 2*g = 2*c + 112672. List the prime factors of g.
7, 13, 619
Suppose -4*w + u + 43 = 0, -1 + 7 = -2*u. Let r be (-1 - -452) + 5/(w/4). Suppose -3*l - r = -5*o, 3*l - 194 = -3*o + 73. What are the prime factors of o?
2, 3, 5
Suppose 10*q = -0*q + 50. Suppose 0 = -2*w - 0*w - 3*b + 725, -4*w + 1447 = q*b. List the prime factors of w.
2, 179
Suppose -5 = 14*q + 9. List the prime factors of (1743/9 + q)/((-14)/(-21)).
17
Suppose 3*g - 4382 = -5*w, 0*w + 1750 = 2*w + 4*g. Suppose m - 4*q - 441 = -2*q, 2*m - w = 3*q. What are the prime factors of m?
431
Suppose 5*w